
What is the hundred millions digit of 1676181293?
6
What is the ten millions digit of 22715131?
2
What is the ten millions digit of 323885103?
2
What is the ten thousands digit of 494271358?
7
What is the hundred millions digit of 147404726?
1
What is the millions digit of 1706755522?
6
What is the hundred millions digit of 108682781?
1
What is the thousands digit of 31137148?
7
What is the ten millions digit of 137810332?
3
What is the hundreds digit of 456355851?
8
What is the hundred millions digit of 1444985289?
4
What is the tens digit of 202719800?
0
What is the thousands digit of 223221022?
1
What is the thousands digit of 3722148201?
8
What is the tens digit of 471328280?
8
What is the units digit of 1512812909?
9
What is the ten thousands digit of 159409767?
0
What is the ten millions digit of 656269397?
5
What is the tens digit of 760369760?
6
What is the tens digit of 338038691?
9
What is the hundred thousands digit of 161508219?
5
What is the millions digit of 62958584?
2
What is the hundred thousands digit of 494759693?
7
What is the ten millions digit of 226746391?
2
What is the thousands digit of 128630273?
0
What is the ten millions digit of 414190942?
1
What is the ten millions digit of 38646183?
3
What is the hundred millions digit of 594827561?
5
What is the tens digit of 229192319?
1
What is the tens digit of 417620033?
3
What is the ten thousands digit of 1900436334?
3
What is the ten thousands digit of 23171384?
7
What is the ten millions digit of 234625155?
3
What is the thousands digit of 360541578?
1
What is the thousands digit of 157086374?
6
What is the ten thousands digit of 81824224?
2
What is the thousands digit of 78024428?
4
What is the tens digit of 228049549?
4
What is the hundred millions digit of 710459226?
7
What is the units digit of 242673255?
5
What is the billions digit of 5714575543?
5
What is the thousands digit of 1553071015?
1
What is the ten thousands digit of 195400102?
0
What is the tens digit of 1492374045?
4
What is the millions digit of 7971456?
7
What is the hundreds digit of 14894186?
1
What is the hundreds digit of 6208214269?
2
What is the ten thousands digit of 3068112593?
1
What is the thousands digit of 810160298?
0
What is the thousands digit of 116180010?
0
What is the billions digit of 1065177396?
1
What is the ten millions digit of 1504201682?
0
What is the tens digit of 754952732?
3
What is the hundreds digit of 360739259?
2
What is the millions digit of 161031244?
1
What is the millions digit of 565679261?
5
What is the millions digit of 22115244?
2
What is the tens digit of 2661018277?
7
What is the ten thousands digit of 3004033122?
3
What is the tens digit of 2760715642?
4
What is the ten thousands digit of 32859729?
5
What is the hundred millions digit of 1284077322?
2
What is the units digit of 2572507377?
7
What is the hundreds digit of 26100131?
1
What is the tens digit of 65911246?
4
What is the tens digit of 588854288?
8
What is the hundred thousands digit of 54737979?
7
What is the hundred millions digit of 2489485825?
4
What is the millions digit of 396187394?
6
What is the billions digit of 2515124219?
2
What is the units digit of 395125353?
3
What is the hundred millions digit of 4460813206?
4
What is the units digit of 630621294?
4
What is the millions digit of 2809702?
2
What is the hundred thousands digit of 1778003?
7
What is the units digit of 570897393?
3
What is the hundred thousands digit of 794796424?
7
What is the hundreds digit of 552275363?
3
What is the ten thousands digit of 1125115293?
1
What is the thousands digit of 1821846016?
6
What is the units digit of 1956038927?
7
What is the hundred millions digit of 869429988?
8
What is the millions digit of 5460143?
5
What is the ten thousands digit of 2740524571?
2
What is the thousands digit of 164917833?
7
What is the ten millions digit of 59272156?
5
What is the thousands digit of 600540941?
0
What is the hundreds digit of 4262061641?
6
What is the millions digit of 110797127?
0
What is the ten millions digit of 108542875?
0
What is the ten millions digit of 280789813?
8
What is the thousands digit of 77421587?
1
What is the hundred thousands digit of 1201265198?
2
What is the ten millions digit of 296540838?
9
What is the tens digit of 1174463314?
1
What is the millions digit of 15745198?
5
What is the hundred thousands digit of 374933270?
9
What is the hundreds digit of 231153556?
5
What is the thousands digit of 224229359?
9
What is the millions digit of 185312473?
5
What is the ten thousands digit of 1022640373?
4
What is the units digit of 1495589067?
7
What is the units digit of 427100370?
0
What is the millions digit of 198970956?
8
What is the thousands digit of 685632573?
2
What is the hundred thousands digit of 2360908941?
9
What is the tens digit of 39269662?
6
What is the thousands digit of 25165020?
5
What is the tens digit of 27475019?
1
What is the hundreds digit of 1228833063?
0
What is the ten thousands digit of 401855109?
5
What is the millions digit of 2092622601?
2
What is the units digit of 14895898?
8
What is the thousands digit of 13832771?
2
What is the ten thousands digit of 583874141?
7
What is the millions digit of 744071493?
4
What is the units digit of 1276171495?
5
What is the millions digit of 771759490?
1
What is the hundred millions digit of 1519553890?
5
What is the thousands digit of 16132781?
2
What is the ten millions digit of 427334832?
2
What is the hundred thousands digit of 39240102?
2
What is the millions digit of 69616330?
9
What is the tens digit of 364408245?
4
What is the thousands digit of 391967683?
7
What is the hundred thousands digit of 128057319?
0
What is the hundred millions digit of 388160913?
3
What is the ten thousands digit of 45846542?
4
What is the ten thousands digit of 116883589?
8
What is the hundreds digit of 49779245?
2
What is the thousands digit of 9021237958?
7
What is the hundreds digit of 2963129599?
5
What is the units digit of 2779761147?
7
What is the ten millions digit of 156706840?
5
What is the tens digit of 167036000?
0
What is the ten millions digit of 2906640155?
0
What is the units digit of 2567679402?
2
What is the units digit of 233083589?
9
What is the hundreds digit of 202603661?
6
What is the hundred thousands digit of 72530488?
5
What is the millions digit of 68691522?
8
What is the ten millions digit of 1967360266?
6
What is the millions digit of 208700607?
8
What is the tens digit of 71544204?
0
What is the millions digit of 5669443203?
9
What is the units digit of 1898407079?
9
What is the hundreds digit of 1589120934?
9
What is the ten thousands digit of 93630449?
3
What is the units digit of 204471566?
6
What is the millions digit of 4562216272?
2
What is the hundred millions digit of 166271496?
1
What is the ten thousands digit of 524291723?
9
What is the ten thousands digit of 1523044087?
4
What is the hundred thousands digit of 1299236758?
2
What is the hundred millions digit of 423208804?
4
What is the hundreds digit of 83360572?
5
What is the ten millions digit of 67972779?
6
What is the thousands digit of 256545545?
5
What is the thousands digit of 3405126945?
6
What is the hundreds digit of 30153652?
6
What is the ten thousands digit of 182544547?
4
What is the hundred thousands digit of 68296266?
2
What is the millions digit of 614984923?
4
What is the thousands digit of 93437758?
7
What is the hundreds digit of 728496136?
1
What is the units digit of 88807610?
0
What is the millions digit of 605419504?
5
What is the units digit of 126371591?
1
What is the billions digit of 1427406031?
1
What is the ten thousands digit of 4693017023?
1
What is the thousands digit of 1468866325?
6
What is the ten thousands digit of 2424009649?
0
What is the millions digit of 8520775?
8
What is the thousands digit of 37329807?
9
What is the hundred thousands digit of 13327602?
3
What is the tens digit of 3579519887?
8
What is the hundred thousands digit of 172911508?
9
What is the units digit of 166940048?
8
What is the hundreds digit of 7593026?
0
What is the thousands digit of 577428362?
8
What is the hundred millions digit of 364815036?
3
What is the hundred millions digit of 134622773?
1
What is the millions digit of